9.
649
What is the highest common factor of 471 and 14919?
3
Calculate the highest common factor of 16105247 and 4245.
283
Calculate the greatest common factor of 1319 and 156395149.
1319
Calculate the highest common factor of 288196224 and 1707.
1707
What is the highest common divisor of 36699 and 128968755?
2823
Calculate the highest common factor of 28731950 and 9750.
650
Calculate the highest common factor of 92 and 213176742.
46
Calculate the highest common factor of 65258 and 16080.
134
Calculate the greatest common divisor of 368 and 32263552.
16
Calculate the greatest common divisor of 35142450 and 1050.
1050
What is the highest common divisor of 3572690 and 690?
10
Calculate the greatest common divisor of 4667 and 5093851.
359
Calculate the highest common divisor of 1895 and 130.
5
Calculate the greatest common divisor of 3 and 15547893.
3
What is the highest common factor of 15938119 and 9271?
127
Calculate the greatest common factor of 65604 and 1032.
12
What is the highest common factor of 254 and 348066868?
254
What is the greatest common divisor of 42 and 1623310248?
42
What is the highest common divisor of 7960 and 3319570?
10
What is the highest common divisor of 12345540 and 4080?
60
What is the greatest common divisor of 298613795 and 4156?
1039
Calculate the greatest common divisor of 6712 and 9583058.
1678
Calculate the highest common divisor of 3768340 and 80.
20
What is the highest common factor of 1601185 and 115?
5
What is the greatest common factor of 29776 and 921589532?
7444
Calculate the greatest common factor of 76115 and 655.
5
What is the greatest common factor of 878718300 and 300?
300
What is the highest common divisor of 820996 and 2256188?
2068
Calculate the greatest common factor of 4293210 and 3750.
30
Calculate the greatest common factor of 373581 and 598533.
4017
Calculate the greatest common factor of 4694576 and 37904.
368
Calculate the highest common factor of 90692 and 144935.
287
Calculate the highest common factor of 105811773 and 1767.
93
What is the highest common divisor of 75443634 and 161?
161
What is the greatest common factor of 53907 and 21343245?
357
Calculate the greatest common factor of 236335680 and 1920.
960
What is the greatest common divisor of 6741 and 2067989?
749
Calculate the highest common divisor of 2147856 and 4872.
696
What is the highest common factor of 31202388 and 77182?
2086
What is the highest common factor of 165 and 15911220?
15
Calculate the greatest common divisor of 18 and 5094477.
9
Calculate the highest common divisor of 517274 and 1.
1
Calculate the highest common factor of 45888 and 150592.
64
What is the greatest common factor of 128252394 and 342?
342
Calculate the highest common factor of 13853600 and 250.
50
What is the greatest common factor of 4229524 and 652?
652
What is the greatest common factor of 15672 and 5184?
24
What is the greatest common divisor of 18 and 9625264?
2
What is the greatest common factor of 1455 and 715761060?
1455
Calculate the highest common divisor of 946037872 and 624.
208
Calculate the highest common divisor of 30327 and 312510.
33
Calculate the highest common divisor of 3416517 and 178776.
117
What is the highest common divisor of 2224866 and 192?
6
Calculate the highest common divisor of 29 and 7322500.
29
What is the highest common divisor of 316751255 and 26380?
6595
Calculate the greatest common factor of 2007694 and 1209.
13
Calculate the highest common divisor of 16337745 and 135.
45
What is the greatest common factor of 1893950 and 50?
50
Calculate the greatest common factor of 88332 and 84116.
68
Calculate the highest common factor of 452 and 246136.
4
Calculate the greatest common divisor of 650 and 140000.
50
What is the highest common divisor of 38731 and 153923?
77
Calculate the greatest common divisor of 3281460 and 3606.
3606
Calculate the greatest common divisor of 11510434 and 6890.
1378
What is the highest common factor of 3513 and 142863?
3
Calculate the highest common divisor of 5745822 and 54.
6
What is the greatest common factor of 2214 and 9961278?
246
What is the highest common divisor of 164824929 and 9?
9
Calculate the highest common divisor of 27440 and 3917501.
49
What is the greatest common divisor of 21617809 and 5?
1
What is the greatest common factor of 2744 and 129545612?
1372
What is the greatest common factor of 95 and 1018378815?
95
What is the highest common factor of 2407541 and 586867?
4621
What is the highest common factor of 509233 and 35921?
2113
Calculate the greatest common divisor of 23010 and 3537794.
26
What is the greatest common divisor of 812 and 10535252?
28
Calculate the greatest common divisor of 600898 and 736.
46
Calculate the greatest common factor of 20640 and 3396054.
258
What is the highest common divisor of 16850 and 12423842?
674
What is the highest common divisor of 25822979 and 9009?
91
What is the highest common factor of 21 and 21265?
1
What is the greatest common factor of 1895085 and 55890?
1035
What is the greatest common factor of 132752558 and 68?
34
Calculate the highest common factor of 2960 and 5820100.
740
What is the highest common divisor of 2523003 and 5072?
317
What is the highest common factor of 536294 and 73150?
418
Calculate the highest common factor of 6393 and 567.
3
Calculate the greatest common factor of 625 and 1193615.
5
What is the highest common divisor of 1872 and 23274381?
39
Calculate the highest common divisor of 1136976 and 4728.
24
Calculate the highest common divisor of 151906023 and 179.
179
What is the greatest common divisor of 24604464 and 132?
12
Calculate the greatest common divisor of 76244740 and 503.
503
Calculate the highest common factor of 4920 and 705774.
246
What is the greatest common factor of 22454016 and 22836?
2076
What is the greatest common divisor of 57063 and 3972081?
2481
What is the greatest common factor of 3992 and 118264?
8
Calculate the greatest common divisor of 73112 and 15617848.
5624
Calculate the highest common divisor of 50 and 525589775.
25
What is the highest common divisor of 4248608 and 9464?
728
Calculate the highest common factor of 3068674 and 182086.
362
What is the highest common divisor of 52 and 530940280?
52
What is the highest common divisor of 1306 and 2297254?
1306
Calculate the greatest common divisor of 473229 and 68.
17
Calculate the greatest common factor of 16099625 and 22375.
125
Calculate the greatest common factor of 663 and 5392995.
51
What is the highest common divisor of 1384 and 59887064?
1384
Calculate the greatest common factor of 530 and 40980395.
265
Calculate the greatest common factor of 2339 and 51717629.
2339
Calculate the highest common divisor of 288 and 119292288.
96
Calculate the greatest common factor of 829411 and 28853.
11
What is the greatest common divisor of 19115289 and 346?
173
What is the highest common factor of 718372171 and 22?
11
What is the greatest common divisor of 2060000 and 15?
5
Calculate the highest common divisor of 1500 and 145710.
30
What is the highest common divisor of 786610 and 27720?
110
Calculate the highest common divisor of 138726000 and 288.
144
What is the highest common factor of 1374 and 528?
6
What is the greatest common factor of 31140 and 4318772?
692
Calculate the greatest common factor of 10577270 and 3410.
110
Calculate the greatest common factor of 6656 and 1748096.
128
What is the highest common factor of 173137957 and 4055?
811
Calculate the highest common divisor of 57 and 768037.
19
Calculate the highest common divisor of 49028625 and 3285.
3285
Calculate the highest common factor of 295531126 and 55.
11
What is the highest common divisor of 160693 and 8942?
263
Calculate the highest common divisor of 1269 and 33149241.
423
What is the greatest common divisor of 51 and 1249625001?
51
Calculate the highest common factor of 95351438 and 41762.
2198
What is the highest common factor of 167410 and 2390?
10
What is the greatest common divisor of 962991 and 60903?
603
Calculate the greatest common factor of 239530 and 11458.
34
What is the greatest common divisor of 24719 and 104547059?
1301
Calculate the highest common divisor of 32558785 and 980.
245
Calculate the highest common divisor of 205 and 42830035.
205
C